?
7
What is the tens digit of 4204?
0
What is the hundreds digit of 9426?
4
What is the units digit of 28801?
1
What is the thousands digit of 17756?
7
What is the units digit of 4245?
5
What is the ten thousands digit of 114611?
1
What is the thousands digit of 1206?
1
What is the hundreds digit of 7284?
2
What is the thousands digit of 1921?
1
What is the units digit of 10008?
8
What is the thousands digit of 5264?
5
What is the tens digit of 5968?
6
What is the units digit of 862?
2
What is the thousands digit of 1247?
1
What is the tens digit of 2253?
5
What is the hundreds digit of 618?
6
What is the units digit of 9583?
3
What is the units digit of 1635?
5
What is the thousands digit of 14566?
4
What is the tens digit of 129917?
1
What is the units digit of 947?
7
What is the units digit of 1812?
2
What is the units digit of 2154?
4
What is the hundred thousands digit of 142356?
1
What is the units digit of 9854?
4
What is the ten thousands digit of 36132?
3
What is the ten thousands digit of 29254?
2
What is the thousands digit of 5327?
5
What is the tens digit of 7609?
0
What is the hundreds digit of 22022?
0
What is the units digit of 3502?
2
What is the tens digit of 3908?
0
What is the tens digit of 38804?
0
What is the ten thousands digit of 50588?
5
What is the units digit of 341?
1
What is the units digit of 8453?
3
What is the thousands digit of 6106?
6
What is the tens digit of 99?
9
What is the units digit of 14215?
5
What is the tens digit of 670?
7
What is the thousands digit of 2037?
2
What is the tens digit of 3247?
4
What is the units digit of 3036?
6
What is the hundreds digit of 13686?
6
What is the ten thousands digit of 46940?
4
What is the hundreds digit of 1354?
3
What is the units digit of 58362?
2
What is the units digit of 613?
3
What is the tens digit of 4488?
8
What is the units digit of 748?
8
What is the hundreds digit of 19670?
6
What is the hundreds digit of 11808?
8
What is the units digit of 3390?
0
What is the units digit of 3346?
6
What is the tens digit of 5317?
1
What is the tens digit of 1203?
0
What is the units digit of 372?
2
What is the units digit of 2082?
2
What is the hundreds digit of 3600?
6
What is the units digit of 29315?
5
What is the hundreds digit of 59880?
8
What is the tens digit of 19739?
3
What is the hundreds digit of 856?
8
What is the thousands digit of 33769?
3
What is the ten thousands digit of 25911?
2
What is the tens digit of 527?
2
What is the units digit of 6?
6
What is the thousands digit of 4719?
4
What is the tens digit of 19035?
3
What is the units digit of 75503?
3
What is the units digit of 16504?
4
What is the ten thousands digit of 33530?
3
What is the hundreds digit of 742?
7
What is the thousands digit of 1502?
1
What is the units digit of 2151?
1
What is the tens digit of 24391?
9
What is the thousands digit of 2345?
2
What is the hundreds digit of 761?
7
What is the thousands digit of 2772?
2
What is the thousands digit of 6092?
6
What is the tens digit of 4678?
7
What is the units digit of 29842?
2
What is the ten thousands digit of 11613?
1
What is the units digit of 5978?
8
What is the hundreds digit of 2636?
6
What is the tens digit of 90273?
7
What is the thousands digit of 64983?
4
What is the tens digit of 8207?
0
What is the units digit of 705?
5
What is the units digit of 666?
6
What is the tens digit of 2979?
7
What is the tens digit of 69296?
9
What is the hundreds digit of 7892?
8
What is the tens digit of 239?
3
What is the hundreds digit of 13734?
7
What is the tens digit of 49?
4
What is the tens digit of 894?
9
What is the hundreds digit of 5851?
8
What is the thousands digit of 3725?
3
What is the thousands digit of 14262?
4
What is the tens digit of 13381?
8
What is the tens digit of 1771?
7
What is the hundreds digit of 9949?
9
What is the hundreds digit of 21188?
1
What is the units digit of 925?
5
What is the thousands digit of 49654?
9
What is the thousands digit of 110166?
0
What is the units digit of 66790?
0
What is the tens digit of 15445?
4
What is the hundreds digit of 6767?
7
What is the hundreds digit of 34082?
0
What is the tens digit of 42722?
2
What is the units digit of 3643?
3
What is the tens digit of 2049?
4
What is the hundreds digit of 30604?
6
What is the tens digit of 950?
5
What is the units digit of 3065?
5
What is the thousands digit of 34808?
4
What is the hundreds digit of 226?
2
What is the tens digit of 17145?
4
What is the units digit of 7?
7
What is the thousands digit of 81833?
1
What is the ten thousands digit of 46889?
4
What is the hundreds digit of 13961?
9
What is the units digit of 3220?
0
What is the units digit of 1308?
8
What is the hundreds digit of 605?
6
What is the tens digit of 2191?
9
What is the tens digit of 478?
7
What is the tens digit of 319?
1
What is the hundreds digit of 1567?
5
What is the thousands digit of 1017?
1
What is the thousands digit of 1451?
1
What is the tens digit of 18465?
6
What is the hundreds digit of 484?
4
What is the units digit of 2337?
7
What is the ten thousands digit of 29855?
2
What is the thousands digit of 15124?
5
What is the tens digit of 3316?
1
What is the thousands digit of 40048?
0
What is the hundreds digit of 1763?
7
What is the hundreds digit of 126?
1
What is the units digit of 373?
3
What is the tens digit of 1567?
6
What is the thousands digit of 1572?
1
What is the units digit of 5758?
8
What is the hundreds digit of 1735?
7
What is the hundreds digit of 191?
1
What is the thousands digit of 18698?
8
What is the tens digit of 9083?
8
What is the tens digit of 60765?
6
What is the hundred thousands digit of 131190?
1
What is the hundreds digit of 7834?
8
What is the tens digit of 20799?
9
What is the ten thousands digit of 14349?
1
What is the hundreds digit of 77222?
2
What is the units digit of 2238?
8
What is the units digit of 2618?
8
What is the ten thousands digit of 14100?
1
What is the hundreds digit of 30972?
9
What is the units digit of 32571?
1
What is the thousands digit of 3014?
3
What is the tens digit of 1718?
1
What is the hundreds digit of 32001?
0
What is the hundred thousands digit of 108685?
1
What is the thousands digit of 1122?
1
What is the units digit of 7147?
7
What is the hundreds digit of 21988?
9
What is the units digit of 2199?
9
What is the hundreds digit of 380?
3
What is the hundreds digit of 1207?
2
What is the tens digit of 70023?
2
What is the tens digit of 7744?
4
What is the units digit of 38962?
2
What is the tens digit of 1267?
6
What is the thousands digit of 8515?
8
What is the tens digit of 14686?
8
What is the thousands digit of 51483?
1
What is the units digit of 3400?
0
What is the units digit of 7279?
9
What is the units digit of 1235?
5
What is the thousands digit of 1661?
1
What is the hundreds digit of 2493?
4
What is the units digit of 42542?
2
What is the units digit of 7401?
1
What is the tens digit of 84818?
1
What is the units digit of 836?
6
What is the units digit of 9339?
9
What is the thousands digit of 2033?
2
What is the thousands digit of 12864?
2
What is the hundreds digit of 22405?
4
What is the units digit of 622?
2
What is the thousands digit of 9745?
9
What is the thousands digit of 5042?
5
What is the units digit of 105?
5
What is the units digit of 1571?
1
What is the thousands digit of 89698?
9
What is the tens digit of 4275?
7
What is the thousands digit of 1468?
1
What is the thousands digit of 1002?
1
What is the units digit of 450?
0
What is the thousands digit of 13019?
3
What is the hundreds digit of 1448?
4
What is the tens digit of 986?
8
What is the tens digit of 74295?
9
What is the units digit of 546?
6
What is the ten thousands digit of 26699?
2
What is the thousands digit of 4748?
4
What is the tens digit of 94414?
1
What is the hundreds digit of 4922?
9
What is the units digit of 2441?
1
What is the ten thousands digit of 52629?
5
What is the thousands digit of 6004?
6
What is the hundreds digit of 656?
6
What is the ten thousands digit of 23429?
2
What is the tens digit of 954?
5
What is the tens digit of 8653?
5
What is the tens digit of 939?
3
What is the tens digit of 620?
2
What is the tens digit of 950?
5
What is the hundreds digit of 6699?
6
What is the t